rime?
False
Is 1759 a prime number?
True
Is 63809 composite?
False
Is 5317 prime?
False
Is 30293 composite?
False
Is 27157 a prime number?
False
Is 132019 prime?
True
Is 17687 composite?
True
Is 153377 a prime number?
False
Is 31883 prime?
True
Is 25059 a composite number?
True
Is 3271 prime?
True
Is 39981 a composite number?
True
Is 45659 composite?
False
Is 353479 a prime number?
False
Is 855359 a composite number?
False
Is 871 a prime number?
False
Is 23687 a prime number?
True
Is 695999 composite?
False
Is 155609 a prime number?
True
Is 712163 prime?
False
Is 3581 composite?
False
Is 1746821 composite?
False
Is 7427 a composite number?
True
Is 230513 a composite number?
True
Is 8663 a prime number?
True
Is 31063 composite?
False
Is 1900109 composite?
True
Is 1823 a prime number?
True
Is 7979 a composite number?
True
Is 6997 a composite number?
False
Is 61373 prime?
False
Is 8767 a composite number?
True
Is 15149 composite?
False
Is 6541 a composite number?
True
Is 2420305 prime?
False
Is 648419 a composite number?
True
Is 25019 prime?
False
Is 23147 a composite number?
True
Is 525038 a composite number?
True
Is 449 a composite number?
False
Is 398509 a prime number?
True
Is 16222 a composite number?
True
Is 4721 prime?
True
Is 37477 a composite number?
True
Is 22339 a prime number?
False
Is 231521 prime?
False
Is 87083 a composite number?
False
Is 131671 a prime number?
True
Is 233509 prime?
True
Is 36353 a composite number?
False
Is 2479 a composite number?
True
Is 1409617 a prime number?
False
Is 59249 a prime number?
False
Is 46993 a prime number?
True
Is 7799 prime?
False
Is 2233453 composite?
True
Is 1010657 a composite number?
True
Is 3353 a composite number?
True
Is 689131 prime?
True
Is 115259 a prime number?
True
Is 31859 prime?
True
Is 45943 composite?
False
Is 67121 prime?
True
Is 9923 composite?
False
Is 48058 a prime number?
False
Is 61213 a prime number?
False
Is 2099 a prime number?
True
Is 4896061 composite?
False
Is 10559 prime?
True
Is 4141 a composite number?
True
Is 3863 a prime number?
True
Is 1896407 prime?
True
Is 30374 prime?
False
Is 31237 a composite number?
False
Is 137077 a prime number?
True
Is 174389 prime?
True
Is 258079 composite?
True
Is 14107 prime?
True
Is 277013 prime?
False
Is 689951 composite?
False
Is 21446 composite?
True
Is 334421 composite?
False
Is 80407 a prime number?
True
Is 360617 prime?
False
Is 914 a composite number?
True
Is 251323 composite?
False
Is 377963 a prime number?
True
Is 50419 a composite number?
True
Is 3641 prime?
False
Is 558169 composite?
True
Is 60589 a prime number?
True
Is 69033 composite?
True
Is 8161 a prime number?
True
Is 111143 a composite number?
False
Is 43391 a prime number?
True
Is 22567 composite?
False
Is 89729 prime?
False
Is 13127 a composite number?
False
Is 22251 a prime number?
False
Is 589618 composite?
True
Is 520837 a prime number?
True
Is 1657 composite?
False
Is 2427689 composite?
True
Is 1091197 composite?
True
Is 22109 a composite number?
False
Is 569711 prime?
True
Is 95801 a composite number?
False
Is 45449 a prime number?
False
Is 52361 composite?
False
Is 1003523 composite?
True
Is 71458 a prime number?
False
Is 11027 a prime number?
True
Is 5645 a composite number?
True
Is 74411 prime?
True
Is 97087 prime?
False
Is 9901 a composite number?
False
Is 5629 composite?
True
Is 6131 composite?
False
Is 14219 prime?
False
Is 108917 prime?
True
Is 53471 a composite number?
True
Is 90778 a prime number?
False
Is 10111 prime?
True
Is 8509 a prime number?
False
Is 768387 a prime number?
False
Is 24901 a prime number?
False
Is 658349 a prime number?
True
Is 8357 prime?
False
Is 9839 a composite number?
False
Is 239555 prime?
False
Is 12601 a prime number?
True
Is 3777 prime?
False
Is 338327 a prime number?
False
Is 26801 a composite number?
False
Is 21911 composite?
False
Is 296683 prime?
True
Is 6155 composite?
True
Is 10679 a prime number?
False
Is 5909 a prime number?
False
Is 884341 prime?
True
Is 100019 a composite number?
False
Is 3571 prime?
True
Is 69373 composite?
True
Is 57235 composite?
True
Is 2017 composite?
False
Is 4471 prime?
False
Is 894991 a composite number?
True
Is 661919 a prime number?
False
Is 117761 a prime number?
False
Is 3593 a prime number?
True
Is 2638397 composite?
True
Is 2053 composite?
False
Is 154613 a prime number?
True
Is 25829 a composite number?
True
Is 7405 a composite number?
True
Is 2539 a prime number?
True
Is 208733 composite?
True
Is 84299 a composite number?
False
Is 102481 composite?
False
Is 44753 a prime number?
True
Is 12643 composite?
True
Is 51031 a composite number?
False
Is 7278131 a composite number?
True
Is 372223 composite?
False
Is 188563 composite?
False
Is 91271 prime?
False
Is 36671 a prime number?
True
Is 817997 composite?
True
Is 6189 a composite number?
True
Is 58979 a composite number?
False
Is 7576735 a composite number?
True
Is 402937 a prime number?
False
Is 124427 composite?
False
Is 633 a prime number?
False
Is 62317 composite?
True
Is 23143 a composite number?
False
Is 437191 a composite number?
False
Is 132817 a prime number?
True
Is 41326 a composite number?
True
Is 52121 a prime number?
True
Is 8663 a prime number?
True
Is 6537 prime?
False
Is 114259 prime?
True
Is 1084145 composite?
True
Is 164719 a prime number?
False
Is 46253 composite?
True
Is 90571 prime?
False
Is 316721 a composite number?
True
Is 110347 composite?
True
Is 5707 a prime number?
False
Is 81845 composite?
True
Is 1361 composite?
False
Is 3271 composite?
False
Is 73417 a prime number?
True
Is 15338 a prime number?
False
Is 253289 composite?
True
Is 44633 prime?
True
Is 11483 prime?
True
Is 18517 composite?
False
Is 24946 composite?
True
Is 102659 prime?
False
Is 961999 prime?
False
Is 462401 a prime number?
True
Is 15833 prime?
False
Is 256083 prime?
False
Is 1337 prime?
False
Is 24281 a composite number?
False
Is 591106 composite?
True
Is 5603 a composite number?
True
Is 8581 a composite number?
False
Is 16411 a composite number?
False
Is 18539 a composite number?
False
Is 78151 composite?
True
Is 221773 a prime number?
True
Is 1877741 prime?
True
Is 183437 prime?
True
Is 1411 prime?
False
Is 2554 a composite number?
True
Is 68995 a composite number?
True
Is 2201 a composite number?
True
Is 17635 a composite number?
True
Is 3829 prime?
False
Is 133423 composite?
True
Is 3192347 a composite number?
False
Is 12037 prime?
True
Is 3183 a composite number?
True
Is 29717 a prime number?
True
Is 36169 composite?
True
Is 41119 a prime number?
False
Is 1076639 composite?
False
Is 597757 prime?
True
Is 749 a composite number?
True
Is 379047 a prime number?
False
Is 24305 a composite number?
True
Is 437809 prime?
True
Is 23167 a composite number?
False
Is 10061 prime?
True
Is 785443 prime?
False
Is 2447 a prime number?
True
Is 189863 a composite number?
True
Is 3117 a composite number?
True
Is 59939 a composite number?
True
Is 8807 a prime number?
True
Is 72433 a composite number?
True
Is 1219 a composite number?
True
Is 41869 a prime number?
False
Is 1181879 a prime number?
True
Is 125549 composite?
True
Is 88034 prime?
False
Is 25963 a composite number?
True
Is 76333 a composite number?
False
Is 541871 a composite number?
True
Is 650059 a composite number?
False
Is 12713 composite?
False
Is 1145 a composite number?
True
Is 162933 a prime number?
False
Is 12011 prime?
True
Is 54907 prime?
True
Is 150022 a composite number?
True
Is 63469 a composite number?
True
Is 1471 a prime number?
True
Is 374285 prime?
False
Is 24943 prime?
True
Is 3571 composite?
False
Is 107979 a prime number?
False
Is 12515 a prime number?
False
Is 37857 prime?
False
Is 43291 composite?
False
Is 34759 prime?
True
Is 1069 a composite number?
False
Is 32933 a prime number?
True
Is 6863 composite?
False
Is 6103 a composite number?
True
Is 47503 composite?
True
Is 77867 prime?
True
Is 136805 composite?
True
Is 11965 prime?
False
Is 96623 prime?
False
Is 58291 a composite number?
True
Is 2672687 a composite number?
False
Is 293757 composite?
True
Is 286163 a prime number?
True
Is 46047 prime?
False
Is 1940007 a prime number?
False
Is 2464349 a prime number?
True
Is 678367 composite?
False
Is 208729 a composite number?
False
Is 5177 composite?
True
Is 8